{"id":30,"date":"2020-10-01T16:49:40","date_gmt":"2020-10-01T14:49:40","guid":{"rendered":"https:\/\/reseau.ccfd-terresolidaire.org\/loire-atlantique\/?page_id=30"},"modified":"2026-02-08T08:15:09","modified_gmt":"2026-02-08T07:15:09","slug":"page-daccueil","status":"publish","type":"page","link":"https:\/\/reseau.ccfd-terresolidaire.org\/loire-atlantique\/","title":{"rendered":"Page d&rsquo;accueil"},"content":{"rendered":"\t\t<div data-elementor-type=\"wp-page\" data-elementor-id=\"30\" class=\"elementor elementor-30\" data-elementor-settings=\"[]\">\n\t\t\t\t\t\t<div class=\"elementor-inner\">\n\t\t\t\t\t\t\t<div class=\"elementor-section-wrap\">\n\t\t\t\t\t\t\t<section class=\"elementor-section elementor-top-section elementor-element elementor-element-7e615e2 elementor-hidden-phone elementor-section-boxed elementor-section-height-default elementor-section-height-default\" data-id=\"7e615e2\" data-element_type=\"section\" id=\"bloc_newsletter\" data-settings=\"{&quot;background_background&quot;:&quot;classic&quot;}\">\n\t\t\t\t\t\t<div class=\"elementor-container elementor-column-gap-default\">\n\t\t\t\t\t\t\t<div class=\"elementor-row\">\n\t\t\t\t\t<div class=\"elementor-column elementor-col-100 elementor-top-column elementor-element elementor-element-74d0df0\" data-id=\"74d0df0\" data-element_type=\"column\">\n\t\t\t<div class=\"elementor-column-wrap elementor-element-populated\">\n\t\t\t\t\t\t\t<div class=\"elementor-widget-wrap\">\n\t\t\t\t\t\t<div class=\"elementor-element elementor-element-9ccaa61 elementor-widget elementor-widget-heading\" data-id=\"9ccaa61\" data-element_type=\"widget\" data-widget_type=\"heading.default\">\n\t\t\t\t<div class=\"elementor-widget-container\">\n\t\t\t<h4 class=\"elementor-heading-title elementor-size-default\">Restez inform\u00e9 - Abonnez vous \u00e0 notre newsletter en envoyant un mail \u00e0 : ccfd44@ccfd-terresolidaire.org<\/h4>\t\t<\/div>\n\t\t\t\t<\/div>\n\t\t\t\t\t\t<\/div>\n\t\t\t\t\t<\/div>\n\t\t<\/div>\n\t\t\t\t\t\t\t\t<\/div>\n\t\t\t\t\t<\/div>\n\t\t<\/section>\n\t\t\t\t<section class=\"elementor-section elementor-top-section elementor-element elementor-element-9991dd0 elementor-section-boxed elementor-section-height-default elementor-section-height-default\" data-id=\"9991dd0\" data-element_type=\"section\">\n\t\t\t\t\t\t<div class=\"elementor-container elementor-column-gap-default\">\n\t\t\t\t\t\t\t<div class=\"elementor-row\">\n\t\t\t\t\t<div class=\"elementor-column elementor-col-25 elementor-top-column elementor-element elementor-element-9625a10\" data-id=\"9625a10\" data-element_type=\"column\">\n\t\t\t<div class=\"elementor-column-wrap elementor-element-populated\">\n\t\t\t\t\t\t\t<div class=\"elementor-widget-wrap\">\n\t\t\t\t\t\t<div class=\"elementor-element elementor-element-07f574d elementor-widget elementor-widget-vinazine-post-grid\" data-id=\"07f574d\" data-element_type=\"widget\" data-widget_type=\"vinazine-post-grid.default\">\n\t\t\t\t<div class=\"elementor-widget-container\">\n\t\t\t        \n                              <div class=\"grid-item grid-md grid-no-desc\">\n                                            <div class=\"ts-overlay-style featured-post post-9806 post type-post status-publish format-standard has-post-thumbnail hentry category-actualites\">\n<div class=\"item\" style=\"background-image:url(https:\/\/reseau.ccfd-terresolidaire.org\/loire-atlantique\/wp-content\/uploads\/sites\/2\/2026\/03\/Patrick-Piro-CCFD-Terre-Solidaire-600x398.jpg)\">\n<div class=\"gradient-overlay\"><\/div>\n<a class=\"img-link\" href=\"https:\/\/reseau.ccfd-terresolidaire.org\/loire-atlantique\/2026\/03\/09\/proces-theatralise-de-lagroecologie\/\"><\/a>\n   <div class=\"overlay-post-content\">\n      <div class=\"post-content\">\n       \n                  <a \n            class=\"post-cat\" \n            href=\"https:\/\/reseau.ccfd-terresolidaire.org\/loire-atlantique\/category\/actualites\/\"\n            style=\"color:#ffffff; background-color:#d72924; border-left-color:#d72924\"\n            >\n            Actualit\u00e9s         <\/a>\n      \n         <h3 class=\"post-title\">\n            <a href=\"https:\/\/reseau.ccfd-terresolidaire.org\/loire-atlantique\/2026\/03\/09\/proces-theatralise-de-lagroecologie\/\">\n             Proc\u00e8s th\u00e9\u00e2tralis\u00e9 de l\u2019agro\u00e9cologie            <\/a>\n         <\/h3>\n\n          \n\n         <ul class=\"post-meta-info\">\n                                    <li>\n               <i class=\"fa fa-clock-o\"><\/i>9 mars 2026            <\/li>\n            \n            \n         <\/ul>\n\n               <\/div>\n   <\/div>\n<\/div>\n<\/div>                            \n                    \n\n                  <\/div>\n                    \n\n\n      \t\t<\/div>\n\t\t\t\t<\/div>\n\t\t\t\t\t\t<\/div>\n\t\t\t\t\t<\/div>\n\t\t<\/div>\n\t\t\t\t<div class=\"elementor-column elementor-col-50 elementor-top-column elementor-element elementor-element-785f0dd\" data-id=\"785f0dd\" data-element_type=\"column\">\n\t\t\t<div class=\"elementor-column-wrap elementor-element-populated\">\n\t\t\t\t\t\t\t<div class=\"elementor-widget-wrap\">\n\t\t\t\t\t\t<div class=\"elementor-element elementor-element-979be05 elementor-widget elementor-widget-vinazine-post-grid\" data-id=\"979be05\" data-element_type=\"widget\" data-widget_type=\"vinazine-post-grid.default\">\n\t\t\t\t<div class=\"elementor-widget-container\">\n\t\t\t        \n                              <div class=\"grid-item grid-md grid-no-desc\">\n                                            <div class=\"ts-grid-box ts-grid-content \">\n\t            <a \n            class=\"post-cat\" \n            href=\"https:\/\/reseau.ccfd-terresolidaire.org\/loire-atlantique\/category\/actualites\/\"\n            style=\"color:#ffffff; background-color:#d72924; border-left-color:#d72924\"\n            >\n            Actualit\u00e9s        <\/a>\n        <div class=\"ts-post-thumb\">\n        <a href=\"https:\/\/reseau.ccfd-terresolidaire.org\/loire-atlantique\/2026\/03\/09\/nourrir-le-monde-entier-en-preservant-notre-planete-et-en-respectant-les-modes-de-vie-des-habitants\/\">\n            <img \n                class=\"img-fluid\" \n                src=\"https:\/\/reseau.ccfd-terresolidaire.org\/loire-atlantique\/wp-content\/uploads\/sites\/2\/2026\/03\/imageproces-455x300.png\" \n                alt=\"Nourrir le monde entier en pr\u00e9servant notre plan\u00e8te et en respectant les modes de vie des habitants\u2026\">\n        <\/a>\n    <\/div>\n\n\t<div class=\"post-content\">\n\t\n\t\t<h3 class=\"post-title\">\n\t\t\t<a href=\"https:\/\/reseau.ccfd-terresolidaire.org\/loire-atlantique\/2026\/03\/09\/nourrir-le-monde-entier-en-preservant-notre-planete-et-en-respectant-les-modes-de-vie-des-habitants\/\">Nourrir le monde entier en pr\u00e9servant notre plan\u00e8te et en respectant les modes de vie des habitants\u2026<\/a>\n\t\t<\/h3>\n\t\t<ul class=\"post-meta-info\">\n\t\t\t\t\t\t\t\t\t<li>\n\t\t\t\t<i class=\"fa fa-clock-o\"><\/i>9 mars 2026\t\t\t<\/li>\n         \n                  \n\t\t<\/ul>\n\t\t\n\t\t\t\t<p>\n\t\t\tNourri le monde ... Proc\u00e8s th\u00e9\u00e2tralis\u00e9e de l'agro\u00e9cologie \u00e0 Orvault\t\t<\/p>\n\t\n\t<\/div>\n<\/div>                        \n                    \n\n                  <\/div>\n                    \n\n\n      \t\t<\/div>\n\t\t\t\t<\/div>\n\t\t\t\t\t\t<\/div>\n\t\t\t\t\t<\/div>\n\t\t<\/div>\n\t\t\t\t<div class=\"elementor-column elementor-col-25 elementor-top-column elementor-element elementor-element-5ff1246\" data-id=\"5ff1246\" data-element_type=\"column\">\n\t\t\t<div class=\"elementor-column-wrap elementor-element-populated\">\n\t\t\t\t\t\t\t<div class=\"elementor-widget-wrap\">\n\t\t\t\t\t\t<div class=\"elementor-element elementor-element-096a474 elementor-widget elementor-widget-google_maps\" data-id=\"096a474\" data-element_type=\"widget\" data-widget_type=\"google_maps.default\">\n\t\t\t\t<div class=\"elementor-widget-container\">\n\t\t\t<div class=\"elementor-custom-embed\"><iframe frameborder=\"0\" scrolling=\"no\" marginheight=\"0\" marginwidth=\"0\" src=\"https:\/\/maps.google.com\/maps?q=Comit%C3%A9%20caholique%20contre%20la%20faim%20pour%20le%20d%C3%A9veloppement%20%20Nantes&amp;t=m&amp;z=14&amp;output=embed&amp;iwloc=near\" title=\"Comit\u00e9 caholique contre la faim pour le d\u00e9veloppement  Nantes\" aria-label=\"Comit\u00e9 caholique contre la faim pour le d\u00e9veloppement  Nantes\"><\/iframe><\/div>\t\t<\/div>\n\t\t\t\t<\/div>\n\t\t\t\t<div class=\"elementor-element elementor-element-499a925 elementor-widget elementor-widget-vinazine-post-grid\" data-id=\"499a925\" data-element_type=\"widget\" data-widget_type=\"vinazine-post-grid.default\">\n\t\t\t\t<div class=\"elementor-widget-container\">\n\t\t\t        \n                              <div class=\"grid-item grid-md \">\n                                            \n<div class=\"ts-grid-box ts-col-box grid-only-text post-9822 post type-post status-publish format-standard has-post-thumbnail hentry category-evenement\">\n\t<div class=\"item\">\n\t\n\t\t<div class=\"post-content\">\n\t\t\t<h3 class=\"post-title\">\n\t\t\t\t<a href=\"https:\/\/reseau.ccfd-terresolidaire.org\/loire-atlantique\/2026\/03\/24\/cine-debat-toucher-la-terre\/\">CIN\u00c9 D\u00c9BAT- \u00ab\u00a0Toucher la terre\u00a0\u00bb<\/a>\n\t\t\t<\/h3>\n\t\n\t\t\t<p>\n\t\t\t\tCin\u00e9-d\u00e9bat \"Toucher a Terre\" avec le tour de France agricole\t\t\t<\/p>\n\t\t\t<ul class=\"post-meta-info\">\n\t\t\t\t            <li>\n                                 <span class=\"post-date-info\">\n                     <i class=\"fa fa-clock-o\"><\/i> 24 mars 2026                  <\/span>\n                           <\/li>\n\t\t\t<\/ul>\n\t\t<\/div>\n\t<\/div>\n<\/div>                        \n                    \n\n                  <\/div>\n                    \n\n\n      \t\t<\/div>\n\t\t\t\t<\/div>\n\t\t\t\t\t\t<\/div>\n\t\t\t\t\t<\/div>\n\t\t<\/div>\n\t\t\t\t\t\t\t\t<\/div>\n\t\t\t\t\t<\/div>\n\t\t<\/section>\n\t\t\t\t<section class=\"elementor-section elementor-top-section elementor-element elementor-element-cd3f470 elementor-section-boxed elementor-section-height-default elementor-section-height-default\" data-id=\"cd3f470\" data-element_type=\"section\">\n\t\t\t\t\t\t<div class=\"elementor-container elementor-column-gap-default\">\n\t\t\t\t\t\t\t<div class=\"elementor-row\">\n\t\t\t\t\t<div class=\"elementor-column elementor-col-100 elementor-top-column elementor-element elementor-element-11bb2e4\" data-id=\"11bb2e4\" data-element_type=\"column\">\n\t\t\t<div class=\"elementor-column-wrap elementor-element-populated\">\n\t\t\t\t\t\t\t<div class=\"elementor-widget-wrap\">\n\t\t\t\t\t\t<div class=\"elementor-element elementor-element-c649e20 elementor-widget elementor-widget-heading\" data-id=\"c649e20\" data-element_type=\"widget\" data-widget_type=\"heading.default\">\n\t\t\t\t<div class=\"elementor-widget-container\">\n\t\t\t<h4 class=\"elementor-heading-title elementor-size-default\">Actualit\u00e9s en Loire AtlantiquE<\/h4>\t\t<\/div>\n\t\t\t\t<\/div>\n\t\t\t\t<div class=\"elementor-element elementor-element-7ed6cb7 elementor-widget elementor-widget-vinazine-hot-post\" data-id=\"7ed6cb7\" data-element_type=\"widget\" data-widget_type=\"vinazine-hot-post.default\">\n\t\t\t\t<div class=\"elementor-widget-container\">\n\t\t\t        \n                    <div class=\"has-block-title-style1 ts-grid-box \">\n                \n                <div data-autoplay=\"no\" class=\"owl-carousel hot-topics-slider grid-slider\">\n\n                                            <div class=\"item grid-sm  grid-no-desc\">\n                            <div class=\"heighlight post-9812 post type-post status-publish format-standard has-post-thumbnail hentry category-actualites\" style=\"color:#ffffff; background-color:#d72924; border-left-color:#d72924\">\n\t<div class=\"item\">\n\t\n\t\t<div class=\"ts-post-thumb\">\n\t\t\t<a href=\"https:\/\/reseau.ccfd-terresolidaire.org\/loire-atlantique\/2026\/03\/09\/nourrir-le-monde-entier-en-preservant-notre-planete-et-en-respectant-les-modes-de-vie-des-habitants\/\">\n\t\t\t\t<img \n\t\t\t\t\tclass=\"img-fluid\" \n\t\t\t\t\tsrc=\"https:\/\/reseau.ccfd-terresolidaire.org\/loire-atlantique\/wp-content\/uploads\/sites\/2\/2026\/03\/imageproces-455x300.png\" \n\t\t\t\t\talt=\"Nourrir le monde entier en pr\u00e9servant notre plan\u00e8te et en respectant les modes de vie des habitants\u2026\">\n\t\t\t<\/a>\n\t\t\t\t\t\t\t<a \n\t\t\t\t\tclass=\"post-cat\" \n\t\t\t\t\thref=\"https:\/\/reseau.ccfd-terresolidaire.org\/loire-atlantique\/category\/actualites\/\"\n\t\t\t\t\tstyle=\"color:#ffffff; background-color:#d72924; border-left-color:#d72924\"\n\t\t\t\t\t>\n\t\t\t\t\t<span style=\"color:#ffffff; background-color:#d72924; border-left-color:#d72924\"><\/span>\n\t\t\t\t\tActualit\u00e9s\t\t\t\t<\/a>\n\t\t\t\t\t<\/div>\n\t\t<div class=\"post-content\">\n\t\t\n\t\t\t<h3 class=\"post-title\">\n\t\t\t\t<a href=\"https:\/\/reseau.ccfd-terresolidaire.org\/loire-atlantique\/2026\/03\/09\/nourrir-le-monde-entier-en-preservant-notre-planete-et-en-respectant-les-modes-de-vie-des-habitants\/\">Nourrir le monde entier en pr\u00e9servant notre plan\u00e8te et en respectant les modes de vie des habitants\u2026<\/a>\n\t\t\t<\/h3>\n\t\t\t<ul class=\"post-meta-info\">\n\t\t\t\t\t\t\t\t\t\t\t\t<li>\n\t\t\t\t\t<i class=\"fa fa-clock-o\"><\/i>9 mars 2026\t\t\t\t<\/li>\n\t\t\t\t\t\t\t<\/ul>\n\t\t\t<p>\n\t\t\t\tNourri le monde ... Proc\u00e8s th\u00e9\u00e2tralis\u00e9e de l'agro\u00e9cologie \u00e0 Orvault\t\t\t<\/p>\n\t\t<\/div>\n\t<\/div>\n<\/div>                        <\/div>\n                                            <div class=\"item grid-sm  grid-no-desc\">\n                            <div class=\"heighlight post-9806 post type-post status-publish format-standard has-post-thumbnail hentry category-actualites\" style=\"color:#ffffff; background-color:#d72924; border-left-color:#d72924\">\n\t<div class=\"item\">\n\t\n\t\t<div class=\"ts-post-thumb\">\n\t\t\t<a href=\"https:\/\/reseau.ccfd-terresolidaire.org\/loire-atlantique\/2026\/03\/09\/proces-theatralise-de-lagroecologie\/\">\n\t\t\t\t<img \n\t\t\t\t\tclass=\"img-fluid\" \n\t\t\t\t\tsrc=\"https:\/\/reseau.ccfd-terresolidaire.org\/loire-atlantique\/wp-content\/uploads\/sites\/2\/2026\/03\/Patrick-Piro-CCFD-Terre-Solidaire-455x300.jpg\" \n\t\t\t\t\talt=\"Proc\u00e8s th\u00e9\u00e2tralis\u00e9 de l\u2019agro\u00e9cologie\">\n\t\t\t<\/a>\n\t\t\t\t\t\t\t<a \n\t\t\t\t\tclass=\"post-cat\" \n\t\t\t\t\thref=\"https:\/\/reseau.ccfd-terresolidaire.org\/loire-atlantique\/category\/actualites\/\"\n\t\t\t\t\tstyle=\"color:#ffffff; background-color:#d72924; border-left-color:#d72924\"\n\t\t\t\t\t>\n\t\t\t\t\t<span style=\"color:#ffffff; background-color:#d72924; border-left-color:#d72924\"><\/span>\n\t\t\t\t\tActualit\u00e9s\t\t\t\t<\/a>\n\t\t\t\t\t<\/div>\n\t\t<div class=\"post-content\">\n\t\t\n\t\t\t<h3 class=\"post-title\">\n\t\t\t\t<a href=\"https:\/\/reseau.ccfd-terresolidaire.org\/loire-atlantique\/2026\/03\/09\/proces-theatralise-de-lagroecologie\/\">Proc\u00e8s th\u00e9\u00e2tralis\u00e9 de l\u2019agro\u00e9cologie<\/a>\n\t\t\t<\/h3>\n\t\t\t<ul class=\"post-meta-info\">\n\t\t\t\t\t\t\t\t\t\t\t\t<li>\n\t\t\t\t\t<i class=\"fa fa-clock-o\"><\/i>9 mars 2026\t\t\t\t<\/li>\n\t\t\t\t\t\t\t<\/ul>\n\t\t\t<p>\n\t\t\t\tProc\u00e8s th\u00e9\u00e2tralis\u00e9e de l'agro\u00e9cologie \u00e0 Ch\u00e2teaubriant\t\t\t<\/p>\n\t\t<\/div>\n\t<\/div>\n<\/div>                        <\/div>\n                                            <div class=\"item grid-sm  grid-no-desc\">\n                            <div class=\"heighlight post-9780 post type-post status-publish format-standard has-post-thumbnail hentry category-actualites\" style=\"color:#ffffff; background-color:#d72924; border-left-color:#d72924\">\n\t<div class=\"item\">\n\t\n\t\t<div class=\"ts-post-thumb\">\n\t\t\t<a href=\"https:\/\/reseau.ccfd-terresolidaire.org\/loire-atlantique\/2026\/03\/02\/temoignage-de-notre-partenaire-terre-et-humanisme-maroc-en-visio\/\">\n\t\t\t\t<img \n\t\t\t\t\tclass=\"img-fluid\" \n\t\t\t\t\tsrc=\"https:\/\/reseau.ccfd-terresolidaire.org\/loire-atlantique\/wp-content\/uploads\/sites\/2\/2026\/03\/imageMarocsite-455x300.jpg\" \n\t\t\t\t\talt=\"T\u00e9moignage de notre partenaire &#8211; Terre et Humanisme (MAROC) en visio\">\n\t\t\t<\/a>\n\t\t\t\t\t\t\t<a \n\t\t\t\t\tclass=\"post-cat\" \n\t\t\t\t\thref=\"https:\/\/reseau.ccfd-terresolidaire.org\/loire-atlantique\/category\/actualites\/\"\n\t\t\t\t\tstyle=\"color:#ffffff; background-color:#d72924; border-left-color:#d72924\"\n\t\t\t\t\t>\n\t\t\t\t\t<span style=\"color:#ffffff; background-color:#d72924; border-left-color:#d72924\"><\/span>\n\t\t\t\t\tActualit\u00e9s\t\t\t\t<\/a>\n\t\t\t\t\t<\/div>\n\t\t<div class=\"post-content\">\n\t\t\n\t\t\t<h3 class=\"post-title\">\n\t\t\t\t<a href=\"https:\/\/reseau.ccfd-terresolidaire.org\/loire-atlantique\/2026\/03\/02\/temoignage-de-notre-partenaire-terre-et-humanisme-maroc-en-visio\/\">T\u00e9moignage de notre partenaire &#8211; Terre et Humanisme (MAROC) en visio<\/a>\n\t\t\t<\/h3>\n\t\t\t<ul class=\"post-meta-info\">\n\t\t\t\t\t\t\t\t\t\t\t\t<li>\n\t\t\t\t\t<i class=\"fa fa-clock-o\"><\/i>2 mars 2026\t\t\t\t<\/li>\n\t\t\t\t\t\t\t<\/ul>\n\t\t\t<p>\n\t\t\t\tSoir\u00e9e d\u00e9bat avec le t\u00e9moignage de notre partenaire au Maroc - Salle La Fontaine \u00e0 Nantes\t\t\t<\/p>\n\t\t<\/div>\n\t<\/div>\n<\/div>                        <\/div>\n                                            <div class=\"item grid-sm  grid-no-desc\">\n                            <div class=\"heighlight post-9772 post type-post status-publish format-standard has-post-thumbnail hentry category-actualites\" style=\"color:#ffffff; background-color:#d72924; border-left-color:#d72924\">\n\t<div class=\"item\">\n\t\n\t\t<div class=\"ts-post-thumb\">\n\t\t\t<a href=\"https:\/\/reseau.ccfd-terresolidaire.org\/loire-atlantique\/2026\/03\/02\/soiree-partage-temoignage-de-notre-partenaire-kawtal-tchad-en-visio\/\">\n\t\t\t\t<img \n\t\t\t\t\tclass=\"img-fluid\" \n\t\t\t\t\tsrc=\"https:\/\/reseau.ccfd-terresolidaire.org\/loire-atlantique\/wp-content\/uploads\/sites\/2\/2026\/03\/Photo-Kawtal-4-1-455x300.jpg\" \n\t\t\t\t\talt=\"SOIR\u00c9E PARTAGE &#8211; T\u00e9moignage de notre partenaire Kawtal (Tchad) en visio\">\n\t\t\t<\/a>\n\t\t\t\t\t\t\t<a \n\t\t\t\t\tclass=\"post-cat\" \n\t\t\t\t\thref=\"https:\/\/reseau.ccfd-terresolidaire.org\/loire-atlantique\/category\/actualites\/\"\n\t\t\t\t\tstyle=\"color:#ffffff; background-color:#d72924; border-left-color:#d72924\"\n\t\t\t\t\t>\n\t\t\t\t\t<span style=\"color:#ffffff; background-color:#d72924; border-left-color:#d72924\"><\/span>\n\t\t\t\t\tActualit\u00e9s\t\t\t\t<\/a>\n\t\t\t\t\t<\/div>\n\t\t<div class=\"post-content\">\n\t\t\n\t\t\t<h3 class=\"post-title\">\n\t\t\t\t<a href=\"https:\/\/reseau.ccfd-terresolidaire.org\/loire-atlantique\/2026\/03\/02\/soiree-partage-temoignage-de-notre-partenaire-kawtal-tchad-en-visio\/\">SOIR\u00c9E PARTAGE &#8211; T\u00e9moignage de notre partenaire Kawtal (Tchad) en visio<\/a>\n\t\t\t<\/h3>\n\t\t\t<ul class=\"post-meta-info\">\n\t\t\t\t\t\t\t\t\t\t\t\t<li>\n\t\t\t\t\t<i class=\"fa fa-clock-o\"><\/i>2 mars 2026\t\t\t\t<\/li>\n\t\t\t\t\t\t\t<\/ul>\n\t\t\t<p>\n\t\t\t\tSoir\u00e9e partage - T\u00e9moignage de notre partenaire Kawtal (Tchad) en visio \u00e0 Nantes et St Nazaire\t\t\t<\/p>\n\t\t<\/div>\n\t<\/div>\n<\/div>                        <\/div>\n                                    <\/div>\n            <\/div>\n        \n\n\n      \t\t<\/div>\n\t\t\t\t<\/div>\n\t\t\t\t\t\t<\/div>\n\t\t\t\t\t<\/div>\n\t\t<\/div>\n\t\t\t\t\t\t\t\t<\/div>\n\t\t\t\t\t<\/div>\n\t\t<\/section>\n\t\t\t\t<section class=\"elementor-section elementor-top-section elementor-element elementor-element-f3a9342 elementor-section-boxed elementor-section-height-default elementor-section-height-default\" data-id=\"f3a9342\" data-element_type=\"section\" id=\"bloc_rss\" data-settings=\"{&quot;background_background&quot;:&quot;classic&quot;}\">\n\t\t\t\t\t\t<div class=\"elementor-container elementor-column-gap-default\">\n\t\t\t\t\t\t\t<div class=\"elementor-row\">\n\t\t\t\t\t<div class=\"elementor-column elementor-col-100 elementor-top-column elementor-element elementor-element-22e4828\" data-id=\"22e4828\" data-element_type=\"column\">\n\t\t\t<div class=\"elementor-column-wrap elementor-element-populated\">\n\t\t\t\t\t\t\t<div class=\"elementor-widget-wrap\">\n\t\t\t\t\t\t<div class=\"elementor-element elementor-element-d6e0f57 elementor-position-left elementor-view-default elementor-vertical-align-top elementor-widget elementor-widget-icon-box\" data-id=\"d6e0f57\" data-element_type=\"widget\" data-widget_type=\"icon-box.default\">\n\t\t\t\t<div class=\"elementor-widget-container\">\n\t\t\t\t\t<div class=\"elementor-icon-box-wrapper\">\n\t\t\t\t\t\t<div class=\"elementor-icon-box-icon\">\n\t\t\t\t<span class=\"elementor-icon elementor-animation-\" >\n\t\t\t\t<i aria-hidden=\"true\" class=\"fas fa-rss-square\"><\/i>\t\t\t\t<\/span>\n\t\t\t<\/div>\n\t\t\t\t\t\t<div class=\"elementor-icon-box-content\">\n\t\t\t\t<h5 class=\"elementor-icon-box-title\">\n\t\t\t\t\t<span >Actualit\u00e9s nationales<\/span>\n\t\t\t\t<\/h5>\n\t\t\t\t\t\t\t<\/div>\n\t\t<\/div>\n\t\t\t\t<\/div>\n\t\t\t\t<\/div>\n\t\t\t\t<div class=\"elementor-element elementor-element-59023f7 elementor-widget elementor-widget-shortcode\" data-id=\"59023f7\" data-element_type=\"widget\" id=\"ccfd-rss-feed\" data-widget_type=\"shortcode.default\">\n\t\t\t\t<div class=\"elementor-widget-container\">\n\t\t\t\t\t<div class=\"elementor-shortcode\"><div class=\"wp-rss-template-container\" data-wpra-template=\"actus-nationales-simples\" data-template-ctx=\"eyJ0ZW1wbGF0ZSI6ImFjdHVzLW5hdGlvbmFsZXMtc2ltcGxlcyJ9\">\n    <div class=\"wp-rss-aggregator wpra-list-template  \" data-page=\"1\">\n    \n    \n<ul class=\"wpra-item-list rss-aggregator \"\n    start=\"1\">\n                        <li class=\"wpra-item feed-item rssccfdfeed\">\n            \n            \n\n    <a  href=\"https:\/\/ccfd-terresolidaire.org\/reconnaissance-de-letat-palestinien-une-premiere-etape-mais-insuffisante-face-a-lurgence\/\" target=\"_blank\"  class=\"\">Reconnaissance de l\u2019\u00c9tat palestinien : une premi\u00e8re \u00e9tape, mais insuffisante face \u00e0 l\u2019urgence<\/a>\n\n\n\n\n<div class=\"wprss-feed-meta\">\n    \n            <span class=\"feed-date\">\n             30\/07\/2025\n        <\/span>\n    \n    <\/div>\n\n\n\n            \n        <\/li>\n                    <li class=\"wpra-item feed-item rssccfdfeed\">\n            \n            \n\n    <a  href=\"https:\/\/ccfd-terresolidaire.org\/reactive-rapport-sofi-2025\/\" target=\"_blank\"  class=\"\">R\u00e9active Rapport SOFI<\/a>\n\n\n\n\n<div class=\"wprss-feed-meta\">\n    \n            <span class=\"feed-date\">\n             28\/07\/2025\n        <\/span>\n    \n    <\/div>\n\n\n\n            \n        <\/li>\n                    <li class=\"wpra-item feed-item rssccfdfeed\">\n            \n            \n\n    <a  href=\"https:\/\/ccfd-terresolidaire.org\/vacances-engagees-en-alsace-deux-benevoles-racontent-leur-lutte-contre-les-injustices\/\" target=\"_blank\"  class=\"\">Vacances engag\u00e9es en Alsace : deux b\u00e9n\u00e9voles racontent leur lutte contre les injustices\u00a0<\/a>\n\n\n\n\n<div class=\"wprss-feed-meta\">\n    \n            <span class=\"feed-date\">\n             28\/07\/2025\n        <\/span>\n    \n    <\/div>\n\n\n\n            \n        <\/li>\n                    <li class=\"wpra-item feed-item rssccfdfeed\">\n            \n            \n\n    <a  href=\"https:\/\/ccfd-terresolidaire.org\/appel-a-service-contrat-cadre-pour-verifications-des-depenses-projets-co-finances-par-le-ccfd-terre-solidaire\/\" target=\"_blank\"  class=\"\">Appel \u00e0 service : Contrat cadre pour v\u00e9rifications des d\u00e9penses projets co-financ\u00e9s par le CCFD-Terre Solidaire<\/a>\n\n\n\n\n<div class=\"wprss-feed-meta\">\n    \n            <span class=\"feed-date\">\n             25\/07\/2025\n        <\/span>\n    \n    <\/div>\n\n\n\n            \n        <\/li>\n        <\/ul>\n\n        \n<\/div>\n\n<\/div>\n<\/div>\n\t\t\t\t<\/div>\n\t\t\t\t<\/div>\n\t\t\t\t\t\t<\/div>\n\t\t\t\t\t<\/div>\n\t\t<\/div>\n\t\t\t\t\t\t\t\t<\/div>\n\t\t\t\t\t<\/div>\n\t\t<\/section>\n\t\t\t\t\t\t<\/div>\n\t\t\t\t\t\t<\/div>\n\t\t\t\t\t<\/div>\n\t\t","protected":false},"excerpt":{"rendered":"<p>Restez inform\u00e9 &#8211; Abonnez vous \u00e0 notre newsletter en envoyant un mail \u00e0 : ccfd44@ccfd-terresolidaire.org Actualit\u00e9s Pas de CRA \u00e0 Nantes et ailleurs 19 d\u00e9cembre 2025 Actualit\u00e9s Les Assises de la Souverainet\u00e9 Alimentaire 27 janvier 2026 Les assises de la souverainet\u00e9 alimentaire. Inscrivez-vous d\u00e8s maintenant. CIN\u00c9 D\u00c9BAT &#8211; Le portrait intime des communaut\u00e9s b\u00e9douines palestiniennes&#8230;<\/p>\n","protected":false},"author":1,"featured_media":0,"parent":0,"menu_order":0,"comment_status":"closed","ping_status":"closed","template":"elementor_header_footer","meta":[],"_links":{"self":[{"href":"https:\/\/reseau.ccfd-terresolidaire.org\/loire-atlantique\/wp-json\/wp\/v2\/pages\/30"}],"collection":[{"href":"https:\/\/reseau.ccfd-terresolidaire.org\/loire-atlantique\/wp-json\/wp\/v2\/pages"}],"about":[{"href":"https:\/\/reseau.ccfd-terresolidaire.org\/loire-atlantique\/wp-json\/wp\/v2\/types\/page"}],"author":[{"embeddable":true,"href":"https:\/\/reseau.ccfd-terresolidaire.org\/loire-atlantique\/wp-json\/wp\/v2\/users\/1"}],"replies":[{"embeddable":true,"href":"https:\/\/reseau.ccfd-terresolidaire.org\/loire-atlantique\/wp-json\/wp\/v2\/comments?post=30"}],"version-history":[{"count":102,"href":"https:\/\/reseau.ccfd-terresolidaire.org\/loire-atlantique\/wp-json\/wp\/v2\/pages\/30\/revisions"}],"predecessor-version":[{"id":9716,"href":"https:\/\/reseau.ccfd-terresolidaire.org\/loire-atlantique\/wp-json\/wp\/v2\/pages\/30\/revisions\/9716"}],"wp:attachment":[{"href":"https:\/\/reseau.ccfd-terresolidaire.org\/loire-atlantique\/wp-json\/wp\/v2\/media?parent=30"}],"curies":[{"name":"wp","href":"https:\/\/api.w.org\/{rel}","templated":true}]}}